{"id":150,"date":"2014-01-24T11:38:50","date_gmt":"2014-01-24T11:38:50","guid":{"rendered":"http:\/\/xn--logopdie-im-moritzhof-91b.de\/?page_id=150"},"modified":"2014-01-24T11:38:50","modified_gmt":"2014-01-24T11:38:50","slug":"behandlungsangebot-fuer-jugendliche-und-erwachsene","status":"publish","type":"page","link":"https:\/\/xn--logopdie-im-moritzhof-91b.de\/?page_id=150","title":{"rendered":"Behandlungsangebot f\u00fcr Jugendliche und Erwachsene"},"content":{"rendered":"<ul>\n<li>Neurogene Kommunikationsst\u00f6rungen:\n<ul>\n<li>Aphasie<\/li>\n<li>Dysarthrophonie<\/li>\n<li>Sprechapraxie<\/li>\n<li>neurogenes Stottern<\/li>\n<\/ul>\n<\/li>\n<li>Neurogene Schluckst\u00f6rung:\n<ul>\n<li>Dysphagie<\/li>\n<\/ul>\n<\/li>\n<li>Redeflusst\u00f6rungen:\n<ul>\n<li>Stottern<\/li>\n<li>Poltern<\/li>\n<\/ul>\n<\/li>\n<li>Stimmst\u00f6rungen:\n<ul>\n<li>funktionelle Stimmst\u00f6rungen<br \/>\nz.B. Berufsstimmst\u00f6rungen, St\u00f6rungen der S\u00e4ngerstimme usw.<\/li>\n<li>organische Stimmst\u00f6rungen<br \/>\nz.B. nach Laryngektomie (Kehlkopfentfernung), Stimmlippenparesen usw.<\/li>\n<li>hormonelle Stimmst\u00f6rungen<br \/>\nz.B. Mutationsstimmst\u00f6rung usw.<\/li>\n<\/ul>\n<\/li>\n<li>Schluckst\u00f6rungen:\n<ul>\n<li>Schluckst\u00f6rungen mit unphysiologischem Schluckmuster<br \/>\nz.B. viscerales Schlucken, addentales Schlucken usw.<\/li>\n<\/ul>\n<\/li>\n<\/ul>\n<p><em>Alle Kassen<\/em><\/p>\n","protected":false},"excerpt":{"rendered":"<p>Neurogene Kommunikationsst\u00f6rungen: Aphasie Dysarthrophonie Sprechapraxie neurogenes Stottern Neurogene Schluckst\u00f6rung: Dysphagie Redeflusst\u00f6rungen: Stottern Poltern Stimmst\u00f6rungen: funktionelle Stimmst\u00f6rungen z.B. Berufsstimmst\u00f6rungen, St\u00f6rungen der S\u00e4ngerstimme usw. organische Stimmst\u00f6rungen z.B. nach Laryngektomie (Kehlkopfentfernung), Stimmlippenparesen usw. hormonelle Stimmst\u00f6rungen z.B. Mutationsstimmst\u00f6rung usw. Schluckst\u00f6rungen: Schluckst\u00f6rungen mit unphysiologischem Schluckmuster z.B. viscerales Schlucken, addentales Schlucken usw. Alle Kassen<\/p>\n","protected":false},"author":1,"featured_media":0,"parent":0,"menu_order":6,"comment_status":"closed","ping_status":"closed","template":"","meta":[],"_links":{"self":[{"href":"https:\/\/xn--logopdie-im-moritzhof-91b.de\/index.php?rest_route=\/wp\/v2\/pages\/150"}],"collection":[{"href":"https:\/\/xn--logopdie-im-moritzhof-91b.de\/index.php?rest_route=\/wp\/v2\/pages"}],"about":[{"href":"https:\/\/xn--logopdie-im-moritzhof-91b.de\/index.php?rest_route=\/wp\/v2\/types\/page"}],"author":[{"embeddable":true,"href":"https:\/\/xn--logopdie-im-moritzhof-91b.de\/index.php?rest_route=\/wp\/v2\/users\/1"}],"replies":[{"embeddable":true,"href":"https:\/\/xn--logopdie-im-moritzhof-91b.de\/index.php?rest_route=%2Fwp%2Fv2%2Fcomments&post=150"}],"version-history":[{"count":1,"href":"https:\/\/xn--logopdie-im-moritzhof-91b.de\/index.php?rest_route=\/wp\/v2\/pages\/150\/revisions"}],"predecessor-version":[{"id":151,"href":"https:\/\/xn--logopdie-im-moritzhof-91b.de\/index.php?rest_route=\/wp\/v2\/pages\/150\/revisions\/151"}],"wp:attachment":[{"href":"https:\/\/xn--logopdie-im-moritzhof-91b.de\/index.php?rest_route=%2Fwp%2Fv2%2Fmedia&parent=150"}],"curies":[{"name":"wp","href":"https:\/\/api.w.org\/{rel}","templated":true}]}}